rime?
False
Is 20137511659 a composite number?
True
Is 6228327907 composite?
True
Is 240133557 a prime number?
False
Is 28004410423 a composite number?
True
Is 10449933079 a composite number?
False
Is 1248659983 prime?
False
Is 510123802 a prime number?
False
Is 5443031417 composite?
False
Is 1121047909 composite?
False
Is 11107702285 a prime number?
False
Is 10750396337 a composite number?
False
Is 1858480937 composite?
True
Is 161299999259 a composite number?
True
Is 1310716639 a composite number?
True
Is 454871661 a composite number?
True
Is 1567262549 composite?
False
Is 3150656207 composite?
True
Is 4606727641 prime?
True
Is 350705791 a composite number?
True
Is 17466893 composite?
True
Is 12974811683 a prime number?
True
Is 3053151851 prime?
True
Is 19231899223 composite?
False
Is 1807735143 a prime number?
False
Is 6551162571 composite?
True
Is 93550924631 a prime number?
True
Is 2856574271 prime?
True
Is 4582368371 a composite number?
True
Is 20739451 a composite number?
True
Is 3278810351 prime?
True
Is 2946895537 a composite number?
False
Is 24744062627 composite?
True
Is 134080174817 a prime number?
True
Is 1609468807 composite?
True
Is 99983824753 composite?
False
Is 4752204647 a composite number?
False
Is 80581037639 a prime number?
True
Is 6750817081 composite?
True
Is 402829859 prime?
False
Is 41182355231 prime?
True
Is 4336988561 composite?
False
Is 14233077147 a composite number?
True
Is 589684679 prime?
False
Is 579503086 a prime number?
False
Is 785944723 composite?
True
Is 22199671847 a composite number?
True
Is 771821839 a composite number?
True
Is 105511965677 composite?
True
Is 12383927401 a prime number?
True
Is 1717074257 a prime number?
True
Is 13531010279 composite?
True
Is 841611917 a composite number?
True
Is 1328942519 a prime number?
True
Is 187004953 a prime number?
False
Is 595186421 a prime number?
True
Is 18828249277 composite?
True
Is 418531717 prime?
False
Is 16645218445 a prime number?
False
Is 1723495927 prime?
False
Is 2050810345 prime?
False
Is 247617709 composite?
True
Is 10681985441 a prime number?
True
Is 9953175091 a composite number?
True
Is 1227224447 a composite number?
False
Is 201664244813 a composite number?
False
Is 10398977 prime?
True
Is 14127301663 a prime number?
True
Is 25398739379 prime?
False
Is 1977946049 a composite number?
False
Is 3927934891 composite?
True
Is 644451649 composite?
False
Is 927606781 prime?
False
Is 16727902687 prime?
True
Is 163142999269 a prime number?
True
Is 19495091195 composite?
True
Is 12003777259 prime?
True
Is 1484054753 a prime number?
True
Is 66158868979 prime?
False
Is 3061753777 composite?
False
Is 224314309685 composite?
True
Is 259848703 a composite number?
False
Is 13808071829 prime?
False
Is 19557205637 a prime number?
False
Is 36041185793 composite?
False
Is 85253342651 a prime number?
False
Is 19451192197 a prime number?
True
Is 266731221083 prime?
True
Is 415335787 composite?
False
Is 60685820519 a composite number?
True
Is 64065311533 a prime number?
True
Is 30021855533 composite?
True
Is 12639344623 a composite number?
False
Is 3554762009 prime?
True
Is 4041038699 composite?
False
Is 583958981 composite?
False
Is 25423499531 a prime number?
True
Is 1911128959 a composite number?
False
Is 1424550641 composite?
True
Is 230054525717 prime?
False
Is 1946320237 a prime number?
False
Is 24259946677 prime?
False
Is 10491009623 composite?
False
Is 1034192741 a prime number?
False
Is 107743549 a composite number?
True
Is 1726444939 prime?
False
Is 17355867209 a prime number?
False
Is 18087934547 a prime number?
True
Is 347880641 a composite number?
False
Is 887099839 prime?
True
Is 6204185401 prime?
True
Is 12385953893 a composite number?
False
Is 1355902607 composite?
True
Is 1735971961 a composite number?
False
Is 87445339 composite?
True
Is 2850730213 a prime number?
False
Is 7380297031 prime?
True
Is 14638093 composite?
True
Is 3093820133 a prime number?
False
Is 14867999131 composite?
False
Is 8129262721 a composite number?
True
Is 3419596319 composite?
False
Is 9120252503 a prime number?
False
Is 74808362071 prime?
True
Is 4584525893 a composite number?
False
Is 319605787919 a composite number?
True
Is 3162790055 composite?
True
Is 9568927919 prime?
True
Is 35346385903 a prime number?
True
Is 12976106131 composite?
False
Is 1184095243 a prime number?
False
Is 10137950551 a prime number?
True
Is 26638465621 prime?
True
Is 165638944571 a prime number?
True
Is 152214571 composite?
False
Is 173056418489 a composite number?
False
Is 115356769 a composite number?
True
Is 39263384389 composite?
True
Is 110721873941 a composite number?
True
Is 2311602121 prime?
False
Is 77384088883 composite?
False
Is 17213596273 a composite number?
True
Is 7263951779 a composite number?
True
Is 2030039773 composite?
False
Is 530320157 composite?
False
Is 9822203329 a composite number?
True
Is 2307062783 a prime number?
False
Is 204207257 prime?
True
Is 10416985903 prime?
False
Is 6529165009 composite?
True
Is 43176673802 a prime number?
False
Is 4630123349 composite?
True
Is 121689960823 composite?
False
Is 12412608943 prime?
False
Is 146149652321 prime?
False
Is 3142727383 a prime number?
False
Is 881418157 composite?
True
Is 9840457883 composite?
False
Is 698164489 a prime number?
False
Is 5345499079 prime?
True
Is 10105159517 prime?
True
Is 37414183121 composite?
True
Is 7760471 a composite number?
False
Is 54233433869 composite?
False
Is 3892936967 prime?
False
Is 32835305159 a prime number?
True
Is 424440847 a prime number?
True
Is 46268207681 a composite number?
True
Is 3208688059 composite?
True
Is 84739178011 a prime number?
True
Is 104758807 composite?
True
Is 4128506533 a composite number?
True
Is 292770271 a prime number?
True
Is 4290269183 a composite number?
False
Is 16314349517 a prime number?
False
Is 58510398857 prime?
True
Is 67404923 prime?
False
Is 4878904711 composite?
False
Is 1073782103 prime?
False
Is 283579267 a prime number?
False
Is 4737608153 composite?
False
Is 105091607 a prime number?
False
Is 336033941 prime?
True
Is 9228996419 composite?
False
Is 71871169 a prime number?
True
Is 408834067457 prime?
True
Is 801722291 prime?
True
Is 46694633 prime?
False
Is 1627884238 composite?
True
Is 5811743177 composite?
True
Is 30713224759 composite?
True
Is 10315168307 composite?
False
Is 219988319 composite?
True
Is 21785131322 composite?
True
Is 100957754013 composite?
True
Is 2383244881 a composite number?
False
Is 11223633481 a prime number?
False
Is 644657093 a composite number?
False
Is 8655755233 a composite number?
True
Is 62947066073 prime?
False
Is 74827556497 composite?
False
Is 5963348551 a composite number?
False
Is 704741491 a prime number?
False
Is 584580323 a prime number?
False
Is 853288963 a composite number?
False
Is 79578853579 a prime number?
False
Is 8191530811 a composite number?
False
Is 53532965477 composite?
False
Is 9693766853 composite?
True
Is 1367772715 composite?
True
Is 51249358705 a prime number?
False
Is 831934429 composite?
True
Is 12680951603 composite?
True
Is 109629662531 prime?
True
Is 9253315549 prime?
False
Is 7046692019 composite?
False
Is 848724299 a composite number?
False
Is 2657587759 composite?
False
Is 77574129641 a prime number?
True
Is 1192624099 prime?
True
Is 27819557 composite?
True
Is 9402789101 a prime number?
True
Is 404635969 prime?
False
Is 18360087953 a composite number?
False
Is 65159967 a composite number?
True
Is 18975101491 a prime number?
False
Is 706122187 composite?
True
Is 11819800777 prime?
False
Is 106807371497 a composite number?
False
Is 16297741319 composite?
False
Is 478201892633 a composite number?
False
Is 6829892453 a prime number?
True
Is 39102822461 composite?
False
Is 673702259 a prime number?
False
Is 67436319514 prime?
False
Is 65691664559 prime?
True
Is 24013645693 a prime number?
False
Is 528124631 a composite number?
True
Is 1336096514 a composite number?
True
Is 48666202927 a composite number?
False
Is 14326986389 prime?
False
Is 809612761 prime?
True
Is 9363220021 a prime number?
False
Is 234190762777 composite?
True
Is 7342579007 composite?
False
Is 1390078461 a prime number?
False
Is 22400344573 prime?
True
Is 847882637 a prime number?
False
Is 228322783 a comp